n factor of 1078820 and 40?
20
What is the greatest common divisor of 567 and 155779?
1
What is the greatest common divisor of 68446452 and 3144?
1572
Calculate the highest common divisor of 9189869 and 52.
13
What is the greatest common factor of 270 and 535762080?
270
Calculate the greatest common divisor of 465772 and 4404.
4
What is the greatest common divisor of 186 and 26704578?
186
What is the greatest common factor of 11741226 and 42?
42
What is the highest common factor of 21142 and 195176?
62
Calculate the greatest common factor of 29760 and 5916660.
1860
Calculate the greatest common divisor of 450 and 20158758.
18
Calculate the greatest common factor of 27 and 727548.
3
What is the highest common divisor of 1 and 1577883?
1
What is the greatest common factor of 808 and 948276880?
808
Calculate the greatest common divisor of 10292514 and 85.
17
What is the greatest common factor of 241162 and 34?
34
Calculate the highest common divisor of 3578838 and 15141.
309
Calculate the greatest common factor of 168 and 1207719.
3
What is the highest common divisor of 40438332 and 858?
66
Calculate the greatest common factor of 52 and 186849.
13
Calculate the greatest common factor of 54856536 and 56.
56
Calculate the highest common divisor of 36 and 33094584.
36
What is the greatest common factor of 767 and 129103?
13
What is the highest common divisor of 90 and 15594750?
90
Calculate the highest common factor of 109498 and 829450.
106
Calculate the highest common factor of 1857983 and 2313845.
6907
Calculate the highest common divisor of 226 and 58321786.
226
Calculate the highest common factor of 271328 and 992592.
976
What is the greatest common factor of 317071597 and 7444?
1861
What is the greatest common factor of 771446 and 278?
2
Calculate the greatest common factor of 31 and 56643076.
31
What is the highest common factor of 16101 and 31434519?
5367
What is the highest common divisor of 43139 and 30848?
241
What is the highest common divisor of 18065 and 1085?
5
What is the highest common factor of 390202392 and 39634?
5662
What is the greatest common divisor of 6487 and 413671?
499
Calculate the greatest common divisor of 71555575 and 700.
175
What is the greatest common divisor of 7403 and 2167?
11
Calculate the greatest common factor of 51 and 16793671.
17
What is the highest common factor of 30144996 and 12?
12
Calculate the highest common divisor of 1375638 and 1672.
418
Calculate the greatest common factor of 134301146 and 28.
14
What is the highest common factor of 116373531 and 2067?
159
What is the highest common factor of 1251 and 6700773?
417
What is the greatest common divisor of 120 and 2018540?
20
What is the highest common divisor of 62488738 and 312?
26
What is the highest common factor of 616880 and 137808?
176
Calculate the highest common factor of 9788 and 70950765.
2447
Calculate the highest common divisor of 11041 and 382453.
181
What is the greatest common factor of 283217 and 935?
11
Calculate the greatest common divisor of 4440 and 1796424.
888
What is the highest common factor of 5269 and 7414?
11
Calculate the greatest common factor of 799693 and 8441.
367
What is the greatest common divisor of 1049883 and 11752?
113
What is the highest common divisor of 56 and 3967159?
7
What is the greatest common factor of 10379 and 10737557?
107
What is the highest common factor of 34765529 and 3691?
3691
What is the highest common divisor of 3822 and 1427946?
78
What is the highest common divisor of 2506 and 191518544?
2506
Calculate the highest common divisor of 63203271 and 6.
3
Calculate the highest common factor of 57481 and 3149.
47
Calculate the greatest common divisor of 2545851 and 107.
107
Calculate the greatest common factor of 294717966 and 3438.
1146
Calculate the highest common factor of 11331 and 2043357.
3777
Calculate the greatest common divisor of 54466204 and 3304.
236
Calculate the highest common factor of 25088 and 117264.
112
Calculate the highest common factor of 64641 and 92481.
87
What is the highest common divisor of 263224 and 200?
8
Calculate the greatest common divisor of 19468540 and 2665.
65
What is the greatest common factor of 64 and 55314496?
64
Calculate the highest common divisor of 2148285 and 105.
15
What is the highest common factor of 36895014 and 108?
54
What is the highest common factor of 68 and 10849348?
4
Calculate the greatest common divisor of 25900 and 7474600.
700
Calculate the greatest common factor of 975 and 511078425.
975
What is the highest common factor of 53 and 29813454?
53
Calculate the highest common factor of 5420 and 32435990.
2710
What is the highest common divisor of 57640 and 21176?
8
Calculate the greatest common factor of 1717984 and 14800.
592
What is the greatest common divisor of 1034055546 and 318?
318
Calculate the highest common factor of 6909309 and 34441.
1111
What is the highest common divisor of 44174 and 1586?
26
What is the greatest common factor of 5501908 and 256?
4
Calculate the greatest common divisor of 7874 and 7167626.
254
What is the greatest common factor of 192708033 and 1029?
1029
What is the greatest common factor of 11124833 and 776?
97
What is the greatest common factor of 160 and 838125080?
40
Calculate the highest common divisor of 36671167 and 91.
13
Calculate the highest common factor of 39131384 and 318.
106
What is the greatest common divisor of 10069576 and 3179?
187
Calculate the highest common factor of 1054 and 1747315.
31
Calculate the greatest common factor of 7837 and 2221374139.
7837
What is the highest common factor of 225 and 567200?
25
Calculate the highest common factor of 217206957 and 4191.
4191
Calculate the greatest common factor of 24192300 and 1540.
220
Calculate the highest common factor of 77121610 and 20.
10
What is the greatest common divisor of 63060 and 378720?
60
What is the greatest common factor of 108965 and 10621220?
5735
Calculate the greatest common divisor of 6870283 and 10645.
2129
What is the highest common factor of 1840356 and 1625554?
938
What is the highest common factor of 26381532 and 17835?
3567
What is the highest common divisor of 14628777 and 3336?
417
What is the greatest common factor of 187989 and 325398?
843
What is the greatest common divisor of 58361 and 4216?
17
What is the greatest common factor of 1105 and 10429653?
221
Calculate the highest common factor of 54736671 and 417.
417
Calculate the highest common factor of 13831360 and 4480.
320
Calculate the greatest common divisor of 321528 and 366.
6
Calculate the greatest common divisor of 490175503 and 86149.
12307
What is the greatest common factor of 43 and 36721140?
43
What is the greatest common divisor of 550 and 3404800?
50
Calculate the highest common factor of 12 and 37070301.
3
What is the greatest common factor of 248 and 51942236?
124
What is the highest common divisor of 24 and 1215755196?
12
Calculate the greatest common factor of 7960953 and 4368.
273
Calculate the highest common divisor of 288 and 10923966.
18
Calculate the highest common divisor of 7274267 and 668822.
3311
Calculate the highest common divisor of 45193 and 102727.
43
What is the highest common divisor of 2382245 and 116525?
395
What is the highest common factor of 930 and 40405245?
465
What is the greatest common factor of 113412661 and 967?
967
Calculate the greatest common factor of 112499 and 16193935.
5921
What is the greatest common factor of 10056025 and 2205?
245
Calculate the greatest common divisor of 2873080 and 266.
14
What is the greatest common divisor of 4550 and 4783961?
91
What is the highest common divisor of 265 and 2560623185?
265
Calculate the highest common factor of 137207 and 14756.
119
Calculate the greatest common divisor of 1900508 and 68.
4
Calculate the greatest common divisor of 67144 and 2702.
14
Calculate the highest common factor of 3437478 and 368874.
5346
Calculate the greatest common factor of 88391 and 628.
157
Calculate the greatest common factor of 230071140 and 900.
180
Calculate the highest common divisor of 3834 and 17543958.
426
Calculate the greatest common factor of 4619516 and 496739.
1567
Calculate the greatest common divisor of 30199 and 415311.
299
What is the highest common factor of 120 an